- p**2 + p + 1721. Is c(0) a composite number?
False
Let i = 6580 + -2163. Is i a composite number?
True
Let z = -194 + 276. Is z + (-6)/(-3 - -5) composite?
False
Let z(j) = 3*j + 1753. Is z(0) composite?
False
Suppose i + 117 = 564. Is i a composite number?
True
Suppose 0 = y + 5*y - 6294. Is y a composite number?
False
Is (-3 + 34/10)/(3/8805) a composite number?
True
Is ((-690)/75)/(24/(-10) - -2) a composite number?
False
Let f = 700 - -303. Is f a prime number?
False
Suppose -4*h = -3*u - 8876, -2*h + 4066 = 3*u - 372. Is h a composite number?
True
Let t(g) = 17*g**2 + 9*g + 41. Let x(z) = 6*z**2 + 3*z + 14. Let d(f) = 4*t(f) - 11*x(f). Is d(-7) a composite number?
True
Let x be 8*-3*3/(-18). Suppose 0*l = x*l - 28. Is l a composite number?
False
Is 22 + (-7)/(14/(-8)) composite?
True
Suppose -5*x + x = 0, 0 = 3*q - x - 579. Let w = -126 + q. Is w a prime number?
True
Let i(n) = 572*n**2 + 4*n - 3. Is i(1) composite?
True
Let i = 68 - -89. Is i a prime number?
True
Let m(d) = -d**2 - d - 8. Let n be m(0). Let x be (102/n)/(9/(-24)). Let w = 101 - x. Is w composite?
False
Let m = -92 + 1045. Is m a prime number?
True
Let z be (-32)/(-4) - (0 - -2). Suppose z*k - 524 = 2*k. Is k prime?
True
Let q = 447 - -24. Is q a prime number?
False
Suppose 9*q = -0*q + 3933. Is q prime?
False
Let x(w) = -53*w - 8. Is x(-15) composite?
False
Suppose -2*g - 3*g - 45 = 0. Let q(s) = s**2 + 5*s + 5. Let w be q(g). Suppose 0 = -k - 4*l + w, 4*l + 118 = 2*k + 12. Is k a composite number?
True
Suppose -d + 2*d = 58. Let w(c) = 2*c + d*c**2 - 4*c**2 + 19*c**2 - c. Is w(1) prime?
False
Suppose -8*c = -10*c + 470. Is c a composite number?
True
Suppose -3*x - 15 = 0, 0*c + c - 4*x - 479 = 0. Suppose 3*t - 1506 = c. Suppose t = 3*m + 2*m. Is m composite?
False
Let k = 224 + -63. Is k prime?
False
Suppose u = 5*u - 5*g - 4, -28 = -4*u - g. Let p(n) = 6*n - 3*n + 3 + u*n. Is p(6) prime?
False
Let l(n) = 377*n**2 + 2*n. Is l(1) composite?
False
Is (5 - 4)/((-2)/(-1594)) a composite number?
False
Let x(o) = -22*o - 4. Is x(-5) composite?
True
Let x(d) = d**3 + 5*d**2 + 7*d + 1. Is x(8) a prime number?
False
Suppose 3*t + 4*v = -1084, t + 372 - 12 = -2*v. Let z = t - -747. Is z composite?
False
Suppose -m = 4*n - 5*n - 7, 0 = n + 3*m + 3. Is 124 + n/8*-4 prime?
True
Let z(f) = -37*f + 1. Let d be z(3). Suppose 2*c - 25 = 4*r - 1, 5*c + 4*r + 10 = 0. Is (2/(-5))/(c/d) a composite number?
True
Let q be (742 - -1) + 1 + 1. Let o = 1077 - q. Suppose -2*s - 2*s + o = 0. Is s a prime number?
True
Let a(v) be the first derivative of v**3/3 - 3*v**2 + 5*v - 2. Let n be a(6). Let m(b) = b**2 + 2*b. Is m(n) a composite number?
True
Suppose -4*p - 434 = -2*g, -4*p = 4*g - 78 - 826. Is g a prime number?
True
Suppose -3*c = -525 + 54. Is c a composite number?
False
Let r = -11 - -16. Let k be (1 + -6)*(-38)/r. Suppose 154 = 4*c + 2*x, 2*x - 114 = -2*c - k. Is c a prime number?
False
Suppose -3*m + 102 = -2*m + 4*k, m - 3*k - 109 = 0. Is m a prime number?
False
Suppose w - 32 = -w - 2*n, 8 = -2*n. Suppose m + w = -0*m. Is (0 - 3)/(6/m) prime?
False
Let a = -3406 + 4786. Let t be (1/2)/(3/a). Suppose -4*j - 82 = -t. Is j composite?
False
Suppose -4*h - 2*h + 36 = 0. Is ((-12)/(-18))/(h/1845) a composite number?
True
Suppose 3*w + w = b - 265, b = 2*w + 271. Suppose 5*i = b - 47. Is i a composite number?
True
Let d = -219 + 406. Is d a prime number?
False
Suppose 4*u = 5*j + 255, j + 58 - 7 = 3*u. Let s(v) = v**3 - 5*v**2 - 4*v + 4. Let o be s(4). Let i = o - j. Is i a composite number?
False
Let t = -32 + -6. Let z be (0 - -3)*t/(-3). Let r = z - 24. Is r composite?
True
Let x(h) = 3*h**2 + h + 1. Let q be x(-4). Suppose -2*i = 3*i - q. Is (-762)/(-4)*6/i composite?
False
Let a(h) = -132*h**3 + 6*h**2 + 7*h + 6. Let j(t) = t**3 - t**2 - t - 1. Let b(w) = a(w) + 5*j(w). Is b(-1) composite?
False
Let v = 5 + 0. Suppose 3*r - 2*r - v = 0. Suppose 3*c = r*x - 797, 0 = x + 3*c + 1 - 146. Is x composite?
False
Suppose -h = 4, -725 = -3*i + h + 344. Suppose 4*m = n + i, 6*n - 5 = n. Is m a prime number?
True
Let b be 178/4 - (-3)/6. Let h = 10 - -23. Suppose 0 = -v - 4*n + h, -5*v + 174 = 2*n + b. Is v a composite number?
True
Let c(r) = -140*r - 9. Is c(-6) composite?
True
Suppose -3*l - 9 = -2*p, -4*p - 3 = -3*p + l. Suppose p*d + 115 = 5*d. Is d composite?
False
Let l be 0/((-2)/4*2). Let n(m) = -m**2 + 92. Let k be n(0). Suppose l = 4*r - k - 236. Is r composite?
True
Let f = 11 - 7. Is -2*((-594)/f + 2) a composite number?
False
Is 3*-1*-829 + (-28)/(-14) a prime number?
False
Suppose 0 = -6*i + 904 + 5330. Is i a prime number?
True
Let t be (1/2)/(5/20). Let u(j) = 4*j - 2. Let v be u(t). Let w = -3 + v. Is w a prime number?
True
Let j be 8 + 2 + -2 - -2. Let d be 5/1*(-8)/j. Is (1 + 1)*(-398)/d a prime number?
True
Let n(s) = -26*s - 1. Is n(-9) a prime number?
True
Is (((-7666)/(-6))/(-1))/(25/(-75)) a prime number?
True
Let t(j) = j**2 + 6*j - 1. Let z be t(7). Is (z + 2)*1 - 3 prime?
True
Let b(o) = 26*o**3 + 4*o - 3. Is b(2) composite?
True
Let c be (12/(-4))/(2/(-606)). Suppose -3*l + 3*n + c = 0, n + 0*n = -4*l + 1232. Is l a composite number?
False
Let i(j) = -j**3 + 4*j**2 - 2*j - 2. Let r be i(3). Let z be (-16)/r*(2 - -15). Let l = 381 + z. Is l composite?
False
Suppose -z = -3*r + 19, -3*r - 4*z + 3*z = -11. Suppose 5*y = 2*b - 3*b - 21, 4*y = -r*b - 21. Is 4*5*(-5)/y a composite number?
True
Let y(v) = -10*v**3 - 2*v**2 - 4*v - 2. Let t be y(-2). Let u = t + -43. Is u a composite number?
True
Let q = 10 + -7. Suppose 0 = -q*p - 4 - 11. Let b = 8 + p. Is b prime?
True
Suppose -5*c = -2*u + 4*u - 1218, 0 = -2*c - 4*u + 484. Let o = 7 + c. Is o a composite number?
False
Is -4 + 331 + (-8)/(-4) a composite number?
True
Let b = -2 + 4. Suppose b*p + 249 = 5*p. Is p prime?
True
Is (142/(-4))/(1/(-34)) a prime number?
False
Let f(d) = -d**3 + 7*d**2 - 5*d - 3. Let o be f(6). Suppose -o*g = -14 - 1. Let u(l) = l**2 + l + 7. Is u(g) a composite number?
False
Let s = -9 - -7. Let z = -102 - -65. Is (s - 0)*z/2 a composite number?
False
Let v(i) = i**3 - 5*i**2 + i + 5. Let t be v(4). Let h be 12/((10/3)/5). Let p = t + h. Is p a composite number?
False
Is ((-2009)/14)/((-2)/4) a composite number?
True
Let f(p) be the second derivative of -p**5/20 + p**4/2 + 2*p**3/3 - p**2 - p. Let h = 14 + -11. Is f(h) prime?
True
Suppose 0 = -3*k - 4*j + 1619, 3*k - 5*j - 2169 = -k. Is k a composite number?
False
Is (-5245)/(-5) - (0 - 0) a composite number?
False
Let u(q) = -q**3 + 9*q**2 - 2*q + 11. Is u(-8) a composite number?
True
Let g(r) = -204*r**3 + 1. Suppose 4*p = -12, -j + 2*p + 10 = -5*j. Is g(j) prime?
False
Suppose 2*n - 3*m = -0*m + 2939, 5*n - 3*m = 7334. Is n prime?
False
Suppose 3*m - 2*v = 386, 5*m + v + 18 - 657 = 0. Suppose -m + 25 = -x. Is x a composite number?
False
Let p = -78 - -186. Suppose -17 = n - p. Is n composite?
True
Suppose 4*d - d = 30. Is (d/(-6))/(-5)*471 a prime number?
True
Let u(v) = 15*v**2 + 10*v - 2. Is u(-5) a prime number?
False
Suppose 4*w = 8*w - 772. Let v = -114 + w. Is v composite?
False
Let v = 10 + -7. Let k be (-587)/(-3) + 1/v. Suppose -k = -3*a - a. Is a composite?
True
Suppose 0 = 5*a - 0*a. Let u be 1*(879/(-3) - a). Let q = -174 - u. Is q a prime number?
False
Suppose w = 1, -20 - 16 = -i + w. Is i a composite number?
False
Let i(v) = -v**3 + 2*v**2 - 2*v + 161. Is i(0) composite?
True
Let q be 2/(-4) - (-21)/(-14). Is (q/(-6))/((-1)/(-45)) a prime number?
False
Let a(y) = -y**3 - 3*y**2 - 5*y - 10. Is a(-7) composite?
True
Let s = 292 - 29. Is s a prime number?
True
Let b = 193 - -1046. Suppose -l + b = 6*l. Is l a prime number?
False
Let h = -1 + 3. Suppose 4*q = h*q + 440. Suppose q = 4*v - 0*v. Is v prime?
False
Let p(h) = -h**3 + 11*h**2 + h - 11. Let l be p(11). Suppose l = m - 4*m - z + 60, 3*m = z + 66. Is m composite?
True
Let f(y) = y**3 + 18*y**2 + 28*y - 18. Is f(-16) a composite number?
True
Let m(s) = -7*s**3 - 11*s**2 + 3*s + 2. Let l(z) = 20*z**3 + 32*z**2 - 9*z - 5. Let p(r) = -6*l(r) - 17*m(r). Is p(-6) a prime number?
False
Let d(m) = 52*m**2 + 4*m + 1. Is d(-3) composite?
False
Suppose -3*r + r = -278. Is r prime?
True
Suppose 0 = -0*w - w + 10. Let a = 29 - w. Is a a prime number?
True
Suppose -2*u + 0*u - 830 = 0